m - 12. Is 0 - (h + 3) - -160 a prime number?
True
Let g(z) be the second derivative of z**4/12 - z**3/2 - 5*z**2/2 + 2*z. Let a be g(5). Suppose s + 244 = a*w, 0 = 5*w - w - s - 195. Is w a prime number?
False
Suppose -4*n + 260 = -116. Suppose -3*x - 25 + n = 0. Is x a prime number?
True
Suppose 4*j - 5*j = -3. Let q = -6 + j. Is ((-233)/2)/(q/6) a composite number?
False
Let z be (1 - 1) + (-2 - -3708). Suppose -4*r = -z + 390. Suppose -l - r = -3*l - p, -l - 5*p = -428. Is l composite?
True
Let z(l) = -3*l**3 + 5*l**2 - 25*l + 2. Is z(-9) a composite number?
False
Let i(l) = -1 + l + 11*l**2 + 78*l**2 + 0*l. Is i(1) prime?
True
Let i(u) = 23*u - 4. Let t be i(6). Suppose -2*q + t + 120 = 0. Is q a prime number?
True
Let f = -8 + 23. Is 12/(-30) + 2241/f composite?
False
Is (-3)/((-42)/(-15) + -3) a composite number?
True
Let g be (-2)/4*(-1 - -1). Let b be 4 - (-1 + 0 - g). Suppose b = -k + 26. Is k a composite number?
True
Let a be 0 + 2 + 1 + -1. Suppose -30 = -u + 3*d - 8*d, -u = a*d - 15. Suppose -529 = -u*f + 276. Is f prime?
False
Suppose 9*p - 9971 = 4*p - 3*r, -6 = -3*r. Is p a composite number?
False
Suppose 5*t + 2*u + 2 - 13 = 0, 4*t = 3*u - 5. Let s be t/4 + 11/4. Suppose -s*m + 15 = 0, -3*f + m + 4*m + 356 = 0. Is f prime?
True
Is (-8)/(-24) - (946/(-6) - -1) prime?
True
Suppose 0 = 3*y - 0*y. Is 6/(2 + y) - -84 a composite number?
True
Suppose 3*i = -0*i + 12. Suppose -2*g - 5*a + 26 = -i, -2*g + 4*a = -12. Is g composite?
True
Suppose -5*u - 2518 = 4*x - 8467, 2*u - 7415 = -5*x. Is x a composite number?
False
Suppose 5*r = 5*f + 4*r - 3541, -2*f + 1414 = -r. Is f a prime number?
True
Suppose -5*c + 2605 = -0*c. Is c composite?
False
Suppose 0 = 5*r + 5*y, -9 + 29 = 4*r - y. Suppose -l - r*d = d + 15, -5*d = -4*l + 65. Suppose -j + l = -27. Is j a composite number?
False
Is (3*(-182)/3)/(-2) a composite number?
True
Suppose 8 = 5*s - 7. Suppose -2*c + p + 179 = 0, -c + 3*p + 39 + 58 = 0. Suppose s*i + c = 5*q - 109, i = q - 41. Is q composite?
False
Is (58/(-3))/(10/(-105)) a prime number?
False
Suppose -5*n + 3 = 4*p - 9, -5*p - 2*n = -15. Let i be (1/2)/(p/42). Is 3 + -2 + (i - -2) a composite number?
True
Is (4/8*5878)/1 composite?
False
Suppose 3*x - 7 = f, -4*x + 2 = -4*f - 2. Suppose -4*d = -12, 3*d - 9 = -f*c + 8. Is ((-8)/12)/(c/(-690)) composite?
True
Suppose -9845 = -v - 10*v. Is v a composite number?
True
Let t = 4478 - 2119. Is t a prime number?
False
Let i = 8 - 6. Suppose -5*u = p + i, 6*p = -5*u + 3*p + 4. Is 3 - (-2 - -2)*u composite?
False
Suppose -5*m + 50 = -0*m. Let f(s) = -m*s + 4*s + 6 - 5 + 4*s**2. Is f(5) composite?
False
Let l be (10/15)/((-2)/15). Is (l - -5) + (-92)/(-2) composite?
True
Suppose -2*l + 12 = 2. Let z(k) = -k**3 + 7*k**2 - 2*k - 5. Let x be z(l). Suppose 3*t = -x + 110. Is t a composite number?
True
Suppose 4*w = -4*n + 4, 6*w - 3 = -2*n + 3*w. Let j be 1 - n - (0 + 1). Suppose -4*v + 4 = -2*h, -h - 4*h - 4*v + 46 = j. Is h composite?
True
Suppose 5*l + 4*s - 7701 = 0, 5*l - l = s + 6144. Is l composite?
True
Let r(a) = 4*a - 28. Let p be r(8). Let c be -566*1*(-2)/4. Suppose 0 = -2*g - 0*x + x + 112, p*x + c = 5*g. Is g prime?
False
Let f(v) = -v**3 - 9*v**2 - 12*v - 1. Let d be f(-9). Let q = d + -48. Is q prime?
True
Let j = 1176 + -709. Is j a prime number?
True
Let p(g) = 2*g - 1. Let q be p(1). Let l be -3*(25/(-3) + q). Is l/(1 - (-9)/(-11)) prime?
False
Suppose -w = 2*r - 617, -3*r = -3*w + w - 915. Is r composite?
False
Let o = -521 - -928. Is o prime?
False
Let m(b) = 3*b - 3. Let d be m(-3). Let h be (-22)/(-8) - d/(-16). Suppose -h*s - 76 = -6*s. Is s composite?
False
Let g(o) = -o**3 + 9*o**2 + 5*o + 1. Let w be g(7). Suppose -a - d = -w, 5*a - 679 = -d - d. Let s = 122 + a. Is s a composite number?
True
Let i be 103/3 - 6/(-9). Suppose 0 = -b + 44 + i. Is b a prime number?
True
Let m(z) be the first derivative of 1/4*z**4 - 1/2*z**2 + 0*z**3 + 1 - 3*z. Is m(3) prime?
False
Let g = -79 - -137. Is g prime?
False
Let a be 0*2*3/(-12). Suppose a = -w - w - 4. Is w/(-10) - (-282)/15 a composite number?
False
Let b(s) be the first derivative of s**6/360 - s**5/30 - s**4/12 - 2*s**3/3 + 2. Let x(t) be the third derivative of b(t). Is x(7) composite?
False
Suppose 0 = 6*g - 3*g - 24. Let b = g - 20. Is ((-21)/b)/((-1)/(-4)) a composite number?
False
Let j(b) = 6*b + 3. Let r be j(-3). Let w(k) = k**3 - 4*k**2 + 7*k - 6. Let n be w(4). Let i = n + r. Is i a prime number?
True
Let c be (-596)/13 + (-2)/13. Let p = 117 + c. Is p a prime number?
True
Let y be ((14 + 0)/2)/(-1). Is 2/y - 11451/(-21) a prime number?
False
Let h(o) = o**2 - 7*o - 2. Let t be h(7). Is 39*(33/9 + t) a prime number?
False
Let w(y) = 32*y**2 - 13*y - 18. Let v(o) = 11*o**2 - 4*o - 6. Let t(s) = -11*v(s) + 4*w(s). Is t(-5) composite?
True
Let n be ((-3)/(-9))/(1/3). Is -113*(n - 0)*-1 prime?
True
Suppose 0 = 2*z - 2*f - 14, 4*z - 2*z = -5*f + 14. Let i be 6/(-15)*(-10)/4. Is i/(0 + 1)*z a composite number?
False
Suppose 4*o - 120 = -o. Suppose -82 = -2*d + o. Is d composite?
False
Suppose -4*p - 26 = -2*j, -2*p - 2*p = 3*j + 11. Let v be (-16)/(-6) - p/15. Suppose -2*o = -v*o + 35. Is o a composite number?
True
Suppose -14 = -2*a - o, -2*a = 4*o - 5*o - 14. Let j(r) = 1 - 3 - 7*r + a*r**2 + r**3 - 2*r**2. Is j(-5) prime?
False
Suppose 2*n + 2946 = 2*d, 2*n = 3*n - 4. Is d a prime number?
False
Let y(l) be the third derivative of -l**6/60 - l**5/10 - l**4/6 + 7*l**3/6 + 6*l**2. Is y(-5) prime?
True
Let l = 29247 + -20782. Is l a composite number?
True
Let h(o) = -23*o**2 + 6*o + 3. Let s(k) = k**3 + k**2 - 2*k. Let x be s(2). Let c(q) = -8*q**2 + 2*q + 1. Let m(d) = x*c(d) - 3*h(d). Is m(-1) composite?
True
Suppose -158 - 164 = -2*p - 2*d, -4*d = -p + 136. Let y = -25 + p. Is y composite?
False
Suppose -15 = -3*f - 3*i, -f = -5*i + 3*i - 2. Is 12/f + -3 + 59 composite?
False
Is (-129804)/(-78) - 7 - (-4)/(-26) a prime number?
True
Let b = -53 - -9. Let u = -29 - b. Is (-5)/u - (-358)/3 composite?
True
Let c(i) = i**3 + 16*i**2 + i + 19. Let r be c(-16). Let d(y) = -3*y + 2*y**2 - 4 - 3*y + 2*y**3 + 3*y. Is d(r) a composite number?
False
Is 210/20*(-426)/(-9) composite?
True
Let x = 330 + -91. Is x composite?
False
Suppose 0 = -4*f - 2*n - n + 8, -4*f - n + 16 = 0. Let a = -11 - -63. Suppose f*u - 13 - a = 0. Is u a prime number?
True
Suppose 5*y - 3*s - 4608 = 0, -4*y + 0*y = -3*s - 3687. Is y a prime number?
False
Let s = 806 + 243. Is s a composite number?
False
Let i(n) = 12*n + 3. Suppose 27 = -p + 4*p. Is i(p) composite?
True
Let n(o) = 23*o + 3. Is n(4) a composite number?
True
Let x = 101 + -35. Let q = -8 + x. Is q composite?
True
Suppose 0 = 4*s + 3*h - 648, 3*s + 4*h = -2*s + 809. Suppose 0 = 4*u + u - s. Is u a composite number?
True
Suppose -1122 = 2*m - 8552. Is 4/10 - m/(-25) a composite number?
False
Suppose -5*o + 4*j + 26 = 0, -3*o + 19 = 4*j - 3*j. Let b(f) = 2*f**2 + 3*f - 1. Is b(o) prime?
True
Let n be (1 + -1)*(-1)/(-1). Let x be 381 - (n + 0)/2. Suppose 0 = -5*c + 2*c + x. Is c a prime number?
True
Let j(o) = -o**2 + 2*o + 2. Let c be j(-3). Let d = 26 + c. Is d prime?
True
Let i = -1843 + 3324. Is i composite?
False
Let v be (-839)/(-2) - 2/(-4). Let i = v - 265. Is i a composite number?
True
Let o(i) = -i**2 - i + 7. Let d(y) = -2*y**2 - 2*y + 7. Let n(s) = -3*d(s) + 2*o(s). Is n(-7) a composite number?
True
Suppose -4*l + 45 = l. Suppose -2*c - c + l = 0. Is (2 - c) + 48 - -2 composite?
True
Suppose c - 5 = -0*c. Suppose -c*j + 0*j = -180. Suppose z - j = -5*d, d - 2*d - 30 = -z. Is z prime?
True
Suppose -6*o = -5*o - 91. Is o composite?
True
Let z = -9 - -13. Suppose 0 = s - 2*s + z. Suppose 283 = s*g - 49. Is g prime?
True
Let s(h) = -h**3 - 2*h**2 + h + 7. Suppose -b = 3*b + 52. Let w = -18 - b. Is s(w) composite?
True
Let v(w) = -66*w + 4. Let d be v(-5). Let y = d - 125. Is y composite?
True
Suppose m - 2033 = -3*p - 0*m, m = -5*p + 3391. Is p composite?
True
Let m = 48 - 46. Suppose 154 + 462 = 4*w + 4*a, 2*w = -a + 307. Suppose -m*g + w + 269 = 0. Is g prime?
True
Let t = 78 + -214. Let y = -81 - t. Is y a prime number?
False
Suppose 0 = -6*m + 353 + 451. Is m prime?
False
Let p = 5 + -9. Is ((-30)/(-3))/(p/(-58)) a prime number?
False
Is 3/(27/(-6))*-111 composite?
True
